w(-7).
-28
Let j(z) = z**2 - 14*z - 24. What is j(16)?
8
Let t(c) = -c**3 + 3*c**2 + 5*c - 9. What is t(4)?
-5
Let m(d) = 32*d + 34. Determine m(-3).
-62
Let h(b) = -b**3 - 2*b**2 + 5*b + 5. Give h(-3).
-1
Let g(f) = 14*f - 6. Determine g(-2).
-34
Let k(l) = -3*l + 29. Determine k(2).
23
Let s(p) = p**2 + 11*p - 26. Calculate s(-12).
-14
Let v(t) = -9*t + 7. Calculate v(1).
-2
Let b(g) = -g**2 + 7*g + 30. Calculate b(9).
12
Let y(t) = 22*t + 734. Calculate y(-34).
-14
Let i(h) = 10*h - 20. Give i(8).
60
Let n(d) = d**3 + d**2 - 10. What is n(0)?
-10
Let c(n) = n**2 - 10*n - 8. Determine c(10).
-8
Let r(j) = j**2 + 14*j - 45. Determine r(-15).
-30
Let b(t) = 3*t - 55. Determine b(21).
8
Let b(o) = o**3 - 5*o**2 + 12*o - 14. Calculate b(3).
4
Let w(t) = -t**2 + 12*t. Calculate w(14).
-28
Let h(w) = w**3 - w + 5. Calculate h(0).
5
Let h(r) = 3*r + 7. What is h(-4)?
-5
Let f(z) = -12*z**2 - 252*z - 5. Give f(-21).
-5
Let w(u) = u**3 - 10*u**2 - 2*u + 2. Determine w(10).
-18
Let r(z) = 39*z + 315. Determine r(-8).
3
Let d(p) = p**3 + 8*p**2 + 12*p + 22. What is d(-5)?
37
Let o(r) = -r**2 - 5*r + 10. Give o(-11).
-56
Let t(c) = -c**3 - 11*c**2 + 4*c - 98. Determine t(-12).
-2
Let j(b) = 3*b + 1. Calculate j(-5).
-14
Let f(k) = k**2 + 17*k - 14. What is f(-14)?
-56
Let u(h) = -4*h - 22. What is u(-2)?
-14
Let v(u) = -4*u - 31. Give v(-12).
17
Let h(o) = 4*o - 3. Calculate h(2).
5
Let p(u) = u + 4. Calculate p(1).
5
Let y(b) = b**3 - 4. Calculate y(0).
-4
Let f(c) = c**2 + 10*c + 5. What is f(-6)?
-19
Let l(a) = -5*a**2 + 22*a - 1. Determine l(4).
7
Let v(y) = -y**3 - 7*y**2 + 4*y + 18. Determine v(-8).
50
Let m(v) = 3*v**3 - 15*v**2 - 14*v - 14. Determine m(7).
182
Let d(q) = q**2 - 6*q. Give d(3).
-9
Let a(z) = -z**3 - 7*z**2 + 2. Give a(-7).
2
Let p(f) = f**2 + f - 243. Calculate p(-16).
-3
Let s(q) = -q - 15. Give s(2).
-17
Let o(m) = m**3 - 4*m**2 - m + 3. Give o(4).
-1
Let h(r) = -r + 1. Calculate h(11).
-10
Let x(d) = -2*d**2 + 45*d - 86. What is x(21)?
-23
Let t(w) = w**3 - 7*w**2 + 19*w - 28. Calculate t(6).
50
Let z(d) = -336*d + 2017. Give z(6).
1
Let c(m) = m**2 - 11*m - 5. Determine c(11).
-5
Let y(p) = 5*p - 2. Calculate y(7).
33
Let g(p) = -p**3 - 6*p**2 + 6*p. Calculate g(-8).
80
Let n(i) = -i**3 - 10*i**2 - 19*i - 13. Calculate n(-8).
11
Let z(y) = 2*y**2 + 13*y - 10. Calculate z(-6).
-16
Let o(u) = -u**3 - 8*u**2 - u + 6. What is o(-8)?
14
Let a(s) = 4*s + 5. Give a(-6).
-19
Let s(t) = -t + 20. What is s(14)?
6
Let y(x) = x**3 + 14*x**2 - 34*x - 37. What is y(-16)?
-5
Let b(c) = c**3 - 21*c**2 - c + 30. Give b(21).
9
Let t(y) = 3*y**3 + 4*y**2 - 4*y + 1. What is t(-4)?
-111
Let v(i) = 11*i**2 - 8*i + 21. Calculate v(2).
49
Let w(o) = -o**2 + 70*o - 698. Determine w(58).
-2
Let p(q) = 2*q**3 - 7*q**2 - 35*q + 116. Calculate p(3).
2
Let y(f) = 10*f**2 + 4*f + 2. Determine y(-2).
34
Let j(a) = 4*a**3 + a - 2. Determine j(2).
32
Let d(n) = -n**3 + 9*n**2 - 11*n + 21. Give d(8).
-3
Let k(o) = 3*o**2 + 28*o - 14. What is k(-10)?
6
Let l(s) = 2*s**2 - 32*s + 37. Calculate l(15).
7
Let d(x) = x**3 + x**2 - x + 37. What is d(0)?
37
Let v(c) = c**3 - 16*c**2 - 194*c + 31. Determine v(24).
-17
Let i(p) = -p - 18. Calculate i(-29).
11
Let c(w) = -w**2 - 4*w - 12. Calculate c(-2).
-8
Let y(o) = 15*o**3 + o**2 - 3*o + 5. What is y(2)?
123
Let z(a) = 2*a**3 + 2*a**2 - 4*a + 3. Give z(3).
63
Let b(j) = -2*j**2 + 22*j + 10. What is b(11)?
10
Let b(i) = 2*i**3 - 24*i**2 + 21*i + 8. Determine b(11).
-3
Let t(d) = 9*d**2 - 15*d + 29. What is t(2)?
35
Let f(n) = -2*n**2 + 21*n - 56. Calculate f(5).
-1
Let m(a) = -a**2 - 5*a + 7. Calculate m(-12).
-77
Let v(s) = -2*s**2 + 16*s - 38. Calculate v(7).
-24
Let j(o) = -o**3 - 32*o**2 - 63*o - 8. Give j(-30).
82
Let q(o) = -3*o**2 + 34*o - 61. Give q(2).
-5
Let i(q) = -4*q**2 - 24*q + 1. Determine i(-6).
1
Let a(b) = b**3 - 12*b**2 - 12*b. Give a(13).
13
Let o(b) = b - 5. What is o(5)?
0
Let w(c) = -c**3 - 21*c**2 + 20*c - 39. Determine w(-22).
5
Let j(o) = -o**3 + 15*o**2 - 16*o + 35. Give j(14).
7
Let m(v) = 74*v - 887. Give m(12).
1
Let m(b) = -b + 10. Determine m(3).
7
Let x(v) = -69*v**2 + v. Give x(1).
-68
Let l(z) = 84*z**3 + z. Calculate l(1).
85
Let h(m) = m**2 + 9*m + 15. Calculate h(-6).
-3
Let q(j) = -5*j + 29. What is q(6)?
-1
Let z(b) = -b**3 - 13*b**2 - 14*b - 15. Give z(-12).
9
Let w(r) = -r**2 - 42*r - 44. Calculate w(-41).
-3
Let d(c) = -51*c**2 - 2*c - 1. Give d(-1).
-50
Let w(n) = -n**3 - n**2 + n. Calculate w(-2).
2
Let c(t) = t**2 - 3*t - 8. Calculate c(5).
2
Let r(p) = 13*p - 37. Determine r(5).
28
Let y(i) = -2*i + 11. Calculate y(-9).
29
Let i(h) = -h**2 + h + 27. Calculate i(-4).
7
Let r(g) = -g**2 + 9*g - 30. Determine r(13).
-82
Let x(i) = i**2 - 18*i + 19. Calculate x(12).
-53
Let b(m) = -m + 26. Give b(-7).
33
Let k(c) = -7*c - 21. Give k(-4).
7
Let h(k) = k**3 + 16*k**2 - k - 4. Determine h(-16).
12
Let p(w) = w**2 - 76*w + 360. Determine p(5).
5
Let i(q) = q**2 + 11*q + 3. Give i(-2).
-15
Let v(i) = i**3 - 14*i**2 + 12*i + 10. Calculate v(13).
-3
Let i(k) = -k**2 + 22*k - 6. Calculate i(0).
-6
Let c(o) = -o**2 + 12. What is c(3)?
3
Let m(r) = r**3 - 13*r**2 + 13*r - 14. Calculate m(12).
-2
Let n(l) = -l**3 + l**2 - 2*l. Give n(-2).
16
Let h(j) = j**2 - 5. Determine h(-4).
11
Let k(v) = -v**3 - 3*v**2 + v + 6. Give k(-3).
3
Let f(w) = w**3 - 17*w**2 - 15*w - 38. Determine f(18).
16
Let y(z) = z. Determine y(-1).
-1
Let f(q) = -q - 28. Calculate f(-3).
-25
Let a(u) = 4*u**2 - 3*u - 4. Give a(4).
48
Let o(l) = -l**3 + 3*l**2 - 5*l - 4. Give o(4).
-40
Let p(q) = -21*q**2 + 6*q - 3. Calculate p(2).
-75
Let a(f) = f**3 + 11*f**2 - 26*f - 8. Give a(-13).
-8
Let n(z) = z**3 - 10*z - 32. What is n(0)?
-32
Let k(w) = 6*w**2 - 2*w + 1. Calculate k(-2).
29
Let w(h) = -h**3 + 10*h**2 - 11*h - 41. What is w(8)?
-1
Let t(z) = -z**3 - 7*z**2 + 3*z - 1. Calculate t(-7).
-22
Let x(g) = 7*g + 46. Give x(-7).
-3
Let j(c) = -3*c + 3. What is j(-1)?
6
Let u(v) = -v + 13. Give u(9).
4
Let f(h) = h**3 - 19*h**2 + 78*h. What is f(13)?
0
Let b(d) = -d**3 - 4*d**2 - 6*d - 4. Determine b(-3).
5
Let n(f) = -f**2 + 4*f - 21. Give n(4).
-21
Let s(g) = g**3 - 26*g**2 - 27*g - 4. What is s(27)?
-4
Let u(r) = -r**3 - 4*r**2 - r + 1. Determine u(-3).
-5
Let b(z) = z**3 - 15*z**2 - z + 33. Give b(15).
18
Let q(f) = f**3 - 6*f**2 + 5*f + 1. Calculate q(5).
1
Let g(d) = -10*d - 24. Determine g(3).
-54
Let h(w) = 36*w**2 - 1. What is h(1)?
35
Let s(y) = -y**3 - 7*y**2 - 5*y + 2. Determine s(-5).
-23
Let c(b) = b**3 - 5*b**2 - 2*b + 25. Determine c(3).
1
Let h(f) = -f**3 - 12*f**2 + 2*f + 7. Calculate h(-12).
-17
Let d(i) = -2*i - 43. What is d(-15)?
-13
Let d(v) = v**2 + 34*v + 64. Give d(-32).
0
Let j(n) = -5*n**3 - n**2 + 2*n - 1. Give j(-2).
31
Let a(c) = -c**2 - 4*c + 138. Calculate a(-14).
-2
Let n(z) = z + 30. What is n(0)?
30
Let d(n) = -3*n - 95. What is d(-27)?
-14
Let b(p) = 3*p**2 + 6*p - 40. Calculate b(-7).
65
Let l(u) = 4*u**2 + 29*u + 14. Calculate l(-6).
-16
Let j(q) = -6*q. Give j(-6).
36
Let k(w) = 22*w**3 + w**2 + w + 1. Give k(-1).
-21
Let u(g) = -g**2 - 10*g - 15. Give u(-10).
-15
Let j(p) = p**3 + 5*p**2 - 9*p - 15. Give j(-6).
3
Let z(n) = -4*n**2 + 3*n. Calculate z(-1).
-7
Let r(f) = -f**3 - 7*f**2 - 6*f - 6. Calculate r(-6).
-6
Let f(y) = y**2 + 19*y - 3. Give f(-20).
17
Let p(f) = 2*f + 17. Determine p(-7).
3
Let i(f) = -f**3 + 2*f**2 - 5*f + 17. Give i(3).
-7
Let h(u) = 41*u - 22. What is h(2)?
60
Let y(c) = c + 11. Give y(-18).
-7
Let z(l) = -6*l - 38. Determine z(-15).
52
Let m(x) = 3*x + 36. Give m(-8).
12
Let u(z) = 2*z**2 - z + 4. Give u(2).
10
Let r(p) = 2*p + 3. Give r(-4).
-5
Let u(w) = -w**2 + 8*w - 21. Determine u(4).
-5
Let f(j) = j**3 + 7*j**2 + 6*j + 9. Determine f(-6).
9
Let s(j) = 32*j - 409. Calculate s(13).
7
Let p(o) = -4*o + 23. Determine p(6).
-1
Let v(w) = w**2 - 21*w + 13. Determine v(20).
-7
Let l(o) = 3*o**3 - 17*o**2 + 17*o - 1. Determine l(1).
2
Let h(l) = l**2 - 7*l + 6. Determine h(6).
0
Let h(k) = k**3 - 14*k**2 + 25*k - 2. Calculate h(12).
10
Let h(n) = -8*n + 2. Give h(2).
-14
Let p(i) = -2*i**3 - 16*i**2 - 2*i + 6. What is p(-8)?
22
Let a(v) = -v**3 - 10*v**2 + 4*v + 42. Determine a(-10).
2
Let m(z) = z**2 - z. What is m(-3)?
12
Let m(v) = -v**3 + 8*v**2 